eatest common divisor of a and 34?
2
Suppose -8989 = -y - 1825. What is the greatest common factor of y and 12?
12
Let n = 12555 - 12536. Let d(k) = -4*k**3 - k**2 - k - 1. Let l be d(-1). Let a be 21 - 2*(-2 + l). Calculate the highest common factor of n and a.
19
Suppose 0 = -3*y - 3*z - 141, -4*y = -3*z - 97 + 278. Let k be -2 + 4 + 2 + 486/9. Let m = k + y. What is the greatest common factor of m and 84?
12
Let m = -157 + 476. Let w(s) = 132*s - 3535. Let i be w(27). Calculate the highest common factor of i and m.
29
Suppose -3*j = j - 20. Let m be 119/35 - 2/j. Suppose -6*b = -m*b - 27. Calculate the highest common factor of b and 99.
9
Let h(c) = -5*c**3 - 1. Let o be h(-1). Let k be 1/(((84/12)/7)/9). What is the greatest common factor of o and k?
1
Let s be 18/(-42)*133/76*-4. What is the greatest common factor of 267 and s?
3
Let v be (14 - (-104)/(-10))*5. Calculate the greatest common divisor of 138 and v.
6
Let l = -1428 + 2884. Calculate the highest common divisor of l and 91.
91
Suppose 7*r + 16*r = -3151. Let d = 145 + r. Calculate the highest common factor of 116 and d.
4
Let f = 29 + -4. Suppose -2*k - 13*p + 288 = -12*p, 3*k - p - 442 = 0. Let n = 151 - k. What is the highest common divisor of n and f?
5
Let c(t) = -t**2 - t + 20. Let m be c(0). Let x = 219 - 100. Let i = -89 + x. Calculate the highest common factor of i and m.
10
Let s(c) = 4*c**3 + 51*c**2 - 57*c - 498. Let y be s(-12). Calculate the highest common divisor of y and 57.
3
Suppose 37*t = 39*t - 136. Suppose 0*u + 4*p = -3*u + t, 0 = -2*u + 2*p + 36. What is the highest common divisor of u and 320?
20
Suppose 2*i = 103 - 37. Suppose v - 4*v = -i. Calculate the highest common divisor of 22 and v.
11
Suppose -2*m + 102 = 5*h, -21 + 33 = 2*h. Calculate the greatest common factor of 1566 and m.
18
Let h = 630 + -620. What is the greatest common factor of h and 8?
2
Let p(i) = 4*i - 147. Let r be p(42). Suppose 2*a - 311 = 117. Suppose -c - d = -a, c + d - 226 = -3*d. What is the highest common factor of c and r?
21
Suppose 0*u + 21 = -t + 5*u, 4*t + 3*u = -15. Let q be 3*-6*t/27. Calculate the highest common divisor of q and 6.
2
Let s be 2*(-4)/8 + (3 - -1). Suppose 6*h - 5*h = -s*t + 114, 5*h + 54 = t. Calculate the highest common factor of t and 78.
39
Suppose 2*d + d - 2076 = 0. Suppose 4*s + 1024 = g + 2*g, -2*g = 2*s - d. Suppose 5*v - 6*v - 150 - 1269 = -34*v. What is the highest common divisor of g and v?
43
Suppose 191 + 409 = 38*o - 122. Calculate the highest common factor of 9538 and o.
19
Suppose 6*q - 3200 = 403 + 393. What is the highest common factor of q and 740?
74
Let f(v) = -2*v**2 - 9*v. Let s be f(-4). Suppose -53 = -s*x - 3*l, -11 = 4*x + 2*l - 61. Let q = -5 + 6. What is the greatest common divisor of x and q?
1
Suppose 25*u - 107*u - 551 = -2601. What is the greatest common divisor of 130 and u?
5
Suppose 35*t = 67*t + 38*t - 1680. What is the highest common divisor of t and 520?
8
Let g(o) = 261*o + 26185. Let s be g(-100). Let a(f) = -171*f**3 - 1. Let y be a(-1). What is the greatest common factor of s and y?
85
Let q be 4/(-26) - (-6300)/390. Suppose 2*i - 4*z - 3 = 3*i, 48 = 4*i + z. Suppose -14*y + 8 = -i*y. What is the highest common divisor of y and q?
8
Let n = -10344 + 10364. Calculate the highest common divisor of n and 3380.
20
Let x = -188 - -207. Suppose -5*b + 18 = 2*v, -4*v - 2*b = b - 64. Calculate the highest common factor of v and x.
19
Let r = 4 + -9. Let b be 63/(-12) + r/(-20). Let m be (624/(-180) + 1/b)*-6. What is the highest common factor of 55 and m?
11
Suppose 7*f - 6*f - 66 = 0. Suppose -152 = -3*g + 511*y - 516*y, -2*g + 3*y = -76. Calculate the greatest common factor of g and f.
22
Suppose 0 = -5*i + 18 - 3, -2*a - 39 = -3*i. Let b be (-12)/(-30) + (-1074)/a - -4. Calculate the greatest common factor of 190 and b.
38
Suppose 3*f + 9*z - 4*z - 15536 = 0, 2*f - z - 10353 = 0. What is the highest common divisor of 31 and f?
31
Suppose 4*s + 3*r = -751, -14*r + 1 = -15*r. Let v = -173 - s. Calculate the highest common factor of v and 266.
14
Suppose 13*g = 399 + 160. Let t(h) = -4*h**2 + 58*h + 31. Let l be t(15). Calculate the highest common factor of l and g.
1
Let p be 4*(-9)/(-12) - (-22 - 0). Suppose p*f - 59*f = -680. What is the greatest common factor of f and 4?
4
Let b = 107 - 81. Let p = 31 - b. Suppose 0 = p*y + 5*n - 0*n - 15, -3*y + 13 = n. What is the greatest common factor of 55 and y?
5
Let c be (-30)/(-35) - 4074/(-49). Suppose -2*g - g = -x + 45, 2*x - 2*g - 110 = 0. What is the highest common divisor of x and c?
12
Let v(y) = -18*y - 33. Let q be v(-3). Suppose -320 = 8*b - 4*b. Let t be (-3)/(-3)*4 - b. Calculate the highest common divisor of q and t.
21
Let t(k) = 7*k + 15. Let c = -116 + 125. Let x be t(c). Let l = -65 + x. Calculate the highest common factor of l and 221.
13
Let r = 44541 - 42897. What is the greatest common factor of 72 and r?
12
Let v(n) = n**2 + n - 336. Let r be v(-19). What is the greatest common factor of r and 25?
1
Suppose 2*f + 8*f - 1020 = 0. Let m = -74 + f. Calculate the greatest common factor of m and 84.
28
Suppose 67*q - 1979 + 304 = 0. Calculate the highest common factor of 205 and q.
5
Suppose 0 = -4*g - 20, -5*g = x - 6*g - 20. What is the highest common factor of 160 and x?
5
Let v(b) = -b - 15. Let n be v(-4). Let j(f) = -f**2 - 12*f - 7. Let u be j(n). Calculate the highest common divisor of 100 and u.
4
Let r(x) = -x**3 + 82*x**2 - 365*x - 40. Let b be r(75). What is the highest common divisor of b and 16?
8
Let z be 4*5/8*8. Suppose -z = -2*u - 4. Let a = u - 2. Calculate the greatest common factor of a and 36.
6
Let a be 4/(-3) - 126792/(-324). Calculate the greatest common factor of a and 210.
30
Suppose 18 = 138*g - 140*g. Let f be (-6)/9 - ((-30)/g - 3). Let p be f + 5 + -6 + (0 - -10). What is the highest common divisor of 136 and p?
8
Suppose -3*d + 5*w = -12, -5*w = 7 + 8. Let q be 14*(d + 10/4). Let z be -3 + (10 - 9)/(1/q). What is the greatest common divisor of 45 and z?
9
Suppose 2*j - 400 = 42*n - 43*n, 0 = -4*n - 3*j + 1590. Calculate the greatest common divisor of 704 and n.
44
Let r be (-8 + 7)*-4 + 25. Suppose -q + 3 + 2 = 0. Suppose -4*u - 2*z + 180 = -2*u, 0 = 3*u + q*z - 276. Calculate the highest common factor of r and u.
29
Let m be ((12/(-1))/(-3) - 3) + 18. Let k = m + -24. Let x(q) = q**2 + q - 11. Let g be x(k). Calculate the highest common divisor of 63 and g.
9
Suppose 74 = 3*p - 5*j - 7, 0 = -5*p - j + 163. Let f = 305 + -274. Suppose 7*l + 1920 = f*l. Calculate the greatest common factor of l and p.
16
Suppose 0 = -5*c - 3*b + 86, 83 = 5*c + 4*b. What is the highest common divisor of 34542 and c?
19
Suppose 4*s - 18 = -t, -8*s + 4*t = -6*s. Suppose -s + 1 = -n. Calculate the greatest common factor of 25 and n.
1
Let v = -1153 - -1170. Let x = -21 + 24. Let t be x - (-8)/12*21. Calculate the greatest common divisor of v and t.
17
Let u = 19 - -8. Let s(q) = q - 32. Let j be s(4). Let i = j - -109. What is the highest common divisor of i and u?
27
Let p = 192 - 190. Suppose 13*w - p*u = 9*w + 32, -5*u = -5*w + 40. What is the highest common divisor of w and 1?
1
Let u = 1687 + -1432. Let t be 3*-11*(-70)/15. Let h = -52 + t. Calculate the greatest common divisor of u and h.
51
Let b(v) = 3*v**3 + 7*v**2 - 96*v + 22. Let j be b(6). What is the greatest common factor of 62 and j?
2
Let x = -153 - -721. Let s = x - 472. What is the highest common divisor of s and 72?
24
Let p = 30 + -27. Suppose -3*j + 546 = p*j. Let f(t) = -t**2 - 30*t + 71. Let d be f(-32). What is the highest common divisor of d and j?
7
Suppose -15*c = 1742 + 2347 - 20679. Calculate the highest common divisor of c and 28.
14
Suppose -5*u = -137 - 188. Suppose -4*g + 30 = -9*i + 10*i, -4*g = 3*i - 50. Calculate the greatest common factor of i and u.
5
Let c(m) = -2*m + 42 - 4*m + 4*m - 20 - 19 + 8*m**2. Let r be c(-5). What is the greatest common divisor of r and 142?
71
Let p be 767 + (-4 - (-3 + 14)). What is the highest common factor of 176 and p?
16
Let m be (-18891)/(-45) - (-2)/10. Let t = -305 + m. Calculate the highest common divisor of 5 and t.
5
Let l(q) = 3*q**3 + 169*q**2 - 123*q + 133. Let r be l(-57). What is the highest common factor of 34